{"id":248,"date":"2020-02-19T10:04:35","date_gmt":"2020-02-19T09:04:35","guid":{"rendered":"https:\/\/visionplease.com\/?page_id=248"},"modified":"2020-11-16T09:50:50","modified_gmt":"2020-11-16T08:50:50","slug":"datenschutz","status":"publish","type":"page","link":"https:\/\/visionplease.com\/?page_id=248","title":{"rendered":"DATENSCHUTZ"},"content":{"rendered":"\n<h1>VERANTWORTLICHE STELLE UND DATENSCHUTZBEAUFTRAGTER<\/h1>\n\n\n\n<p> Verantwortliche gem. Art. 4 Abs. 7 EU- Datenschutz-Grundverordnung (DSGVO) ist: <\/p>\n\n\n\n<p> Laura Weber-Vision Please-Spartanerstr. 7, 30519 Hannover.<\/p>\n\n\n\n<p>Soweit auf meinen Seiten personenbezogene Daten (beispielsweise Name, Anschrift oder eMail-Adressen) erhoben werden, erfolgt dies soweit m\u00f6glich stets auf freiwilliger Basis. Die Nutzung der Angebote und Dienste ist, soweit m\u00f6glich, stets ohne Angabe personenbezogener Daten m\u00f6glich. Der Nutzung von im Rahmen der Impressumspflicht ver\u00f6ffentlichten Kontaktdaten durch Dritte zur \u00dcbersendung von nicht ausdr\u00fccklich angeforderter Werbung und Informationsmaterialien wird hiermit ausdr\u00fccklich widersprochen. Die Betreiber der Seiten behalten sich ausdr\u00fccklich rechtliche Schritte im Falle der unverlangten Zusendung von Werbeinformationen, etwa durch Spam-Mails, vor.<\/p>\n\n\n\n<h1>COOKIES<\/h1>\n\n\n\n<p>Wie viele andere Webseiten verwende ich auch so genannte \u201eCookies\u201c. Cookies sind kleine Textdateien, die von einem Websiteserver auf Ihre Festplatte \u00fcbertragen werden. Hierdurch erhalten ich automatisch bestimmte Daten wie z. B. IP-Adresse, verwendeter Browser, Betriebssystem und Ihre Verbindung zum Internet.<\/p>\n\n\n\n<p>Cookies k\u00f6nnen nicht verwendet werden, um Programme zu starten oder Viren auf einen Computer zu \u00fcbertragen. Anhand der in Cookies enthaltenen Informationen k\u00f6nnen wir Ihnen die Navigation erleichtern und die korrekte Anzeige unserer Webseiten erm\u00f6glichen.<\/p>\n\n\n\n<p>In keinem Fall werden die von mir erfassten Daten an Dritte weitergegeben oder ohne Ihre Einwilligung eine Verkn\u00fcpfung mit personenbezogenen Daten hergestellt.<\/p>\n\n\n\n<p>Nat\u00fcrlich k\u00f6nnen Sie meine Website grunds\u00e4tzlich auch ohne Cookies betrachten. Internet-Browser sind regelm\u00e4\u00dfig so eingestellt, dass sie Cookies akzeptieren. Im Allgemeinen k\u00f6nnen Sie die Verwendung von Cookies jederzeit \u00fcber die Einstellungen Ihres Browsers deaktivieren. Bitte verwenden Sie die Hilfefunktionen Ihres Internetbrowsers, um zu erfahren, wie Sie diese Einstellungen \u00e4ndern k\u00f6nnen. Bitte beachten Sie, dass einzelne Funktionen meiner Website m\u00f6glicherweise nicht funktionieren, wenn Sie die Verwendung von Cookies deaktiviert haben.<\/p>\n\n\n\n<h1>EINGEBETTETE YOUTUBE-VIDEOS<\/h1>\n\n\n\n<p>Auf einigen meiner Webseiten bette ich Youtube-Videos ein. Betreiber der entsprechenden Plugins ist die YouTube, LLC, 901 Cherry Ave., San Bruno, CA 94066, USA. Wenn Sie eine Seite mit dem YouTube-Plugin besuchen, wird eine Verbindung zu Servern von Youtube hergestellt. Dabei wird Youtube mitgeteilt, welche Seiten Sie besuchen. Wenn Sie in Ihrem Youtube-Account eingeloggt sind, kann Youtube Ihr Surfverhalten Ihnen pers\u00f6nlich zuzuordnen. Dies verhindern Sie, indem Sie sich vorher aus Ihrem Youtube-Account ausloggen.<\/p>\n\n\n\n<p>Wird ein Youtube-Video gestartet, setzt der Anbieter Cookies ein, die Hinweise \u00fcber das Nutzerverhalten sammeln.<\/p>\n\n\n\n<p>Wer das Speichern von Cookies f\u00fcr das Google-Ad-Programm deaktiviert hat, wird auch beim Anschauen von Youtube-Videos mit keinen solchen Cookies rechnen m\u00fcssen. Youtube legt aber auch in anderen Cookies nicht-personenbezogene Nutzungsinformationen ab. M\u00f6chten Sie dies verhindern, so m\u00fcssen Sie das Speichern von Cookies im Browser blockieren.<\/p>\n\n\n\n<p>Weitere Informationen zum Datenschutz bei \u201eYoutube\u201c finden Sie in der Datenschutzerkl\u00e4rung des Anbieters unter:&nbsp;<a target=\"_blank\" href=\"https:\/\/www.google.de\/intl\/de\/policies\/privacy\/\" rel=\"noreferrer noopener\">https:\/\/www.google.de\/intl\/de\/policies\/privacy\/&nbsp;<\/a><\/p>\n\n\n\n<h1>VERWENDUNG VON GOOGLE ANALYTICS<\/h1>\n\n\n\n<p>Diese Website benutzt Google Analytics, einen Webanalysedienst der Google Inc. (folgend: Google). Google Analytics verwendet sog. \u201eCookies\u201c, also Textdateien, die auf Ihrem Computer gespeichert werden und die eine Analyse der Benutzung der Webseite durch Sie erm\u00f6glichen. Die durch das Cookie erzeugten Informationen \u00fcber Ihre Benutzung dieser Webseite werden in der Regel an einen Server von Google in den USA \u00fcbertragen und dort gespeichert. Aufgrund der Aktivierung der IP-Anonymisierung auf diesen Webseiten, wird Ihre IP-Adresse von Google jedoch innerhalb von Mitgliedstaaten der Europ\u00e4ischen Union oder in anderen Vertragsstaaten des Abkommens \u00fcber den Europ\u00e4ischen Wirtschaftsraum zuvor gek\u00fcrzt. Nur in Ausnahmef\u00e4llen wird die volle IP-Adresse an einen Server von Google in den USA \u00fcbertragen und dort gek\u00fcrzt. Im Auftrag des Betreibers dieser Website wird Google diese Informationen benutzen, um Ihre Nutzung der Webseite auszuwerten, um Reports \u00fcber die Webseitenaktivit\u00e4ten zusammenzustellen und um weitere mit der Websitenutzung und der Internetnutzung verbundene Dienstleistungen gegen\u00fcber dem Webseitenbetreiber zu erbringen. Die im Rahmen von Google Analytics von Ihrem Browser \u00fcbermittelte IP-Adresse wird nicht mit anderen Daten von Google zusammengef\u00fchrt.<\/p>\n\n\n\n<p>Die Zwecke der Datenverarbeitung liegen in der Auswertung der Nutzung der Website und in der Zusammenstellung von Reports \u00fcber Aktivit\u00e4ten auf der Website. Auf Grundlage der Nutzung der Website und des Internets sollen dann weitere verbundene Dienstleistungen erbracht werden. Die Verarbeitung beruht auf dem berechtigten Interesse des Webseitenbetreibers.<\/p>\n\n\n\n<p>Sie k\u00f6nnen die Speicherung der Cookies durch eine entsprechende Einstellung Ihrer Browser-Software verhindern; ich weise Sie jedoch darauf hin, dass Sie in diesem Fall gegebenenfalls nicht s\u00e4mtliche Funktionen dieser Website vollumf\u00e4nglich werden nutzen k\u00f6nnen. Sie k\u00f6nnen dar\u00fcber hinaus die Erfassung der durch das Cookie erzeugten und auf Ihre Nutzung der Webseite bezogenen Daten (inkl. Ihrer IP-Adresse) an Google sowie die Verarbeitung dieser Daten durch Google verhindern, indem sie das unter dem folgenden Link verf\u00fcgbare Browser-Plugin herunterladen und installieren:&nbsp;<a rel=\"noreferrer noopener\" target=\"_blank\" href=\"http:\/\/tools.google.com\/dlpage\/gaoptout?hl=de\">Browser Add On zur Deaktivierung von Google Analytics<\/a>. <\/p>\n\n\n\n<h2>EINGEBETTETE SOCIAL MEDIA ELEMENTE<\/h2>\n\n\n\n<p>Ich binden auf meiner Webseite Elemente von Social Media Diensten ein um Bilder, Videos und Texte anzuzeigen.<br>Durch den Besuch von Seiten die diese Elemente darstellen, werden Daten von Ihrem Browser zum jeweiligen Social Media Dienst \u00fcbertragen und dort gespeichert. Ich haben keinen Zugriff auf diese Daten.<br>Die folgenden Links f\u00fchren Sie zu den Seiten der jeweiligen Social Media Dienste wo erkl\u00e4rt wird, wie diese mit Ihren Daten umgehen:<\/p>\n\n\n\n<ul><li>Instagram-Datenschutzrichtlinie:&nbsp;<a href=\"https:\/\/help.instagram.com\/519522125107875?tid=311161673\" target=\"_blank\" rel=\"noreferrer noopener\">https:\/\/help.instagram.com\/519522125107875<\/a><\/li><li>F\u00fcr YouTube gilt die Google Datenschutzerkl\u00e4rung:&nbsp;<a href=\"https:\/\/policies.google.com\/privacy?hl=de&amp;tid=311161673\" target=\"_blank\" rel=\"noreferrer noopener\">https:\/\/policies.google.com\/privacy?hl=de<\/a><\/li><li>Facebook-Datenrichtline:&nbsp;<a href=\"https:\/\/www.facebook.com\/about\/privacy?tid=311161673\" target=\"_blank\" rel=\"noreferrer noopener\">https:\/\/www.facebook.com\/about\/privacy<\/a><\/li><li>Twitter Datenschutzrichtlinie:&nbsp;<a href=\"https:\/\/twitter.com\/de\/privacy?tid=311161673\" target=\"_blank\" rel=\"noreferrer noopener\">https:\/\/twitter.com\/de\/privacy<\/a><\/li><\/ul>\n\n\n\n<h2>INSTAGRAM <\/h2>\n\n\n\n<p>Ich habe auf meiner Webseite Funktionen von Instagram eingebaut. Instagram ist eine Social Media Plattform des Unternehmens Instagram LLC, 1601 Willow Rd, Menlo Park CA 94025, USA. Instagram ist seit 2012 ein Tochterunternehmen von Facebook Inc. und geh\u00f6rt zu den Facebook-Produkten. Das Einbetten von Instagram-Inhalten auf meiner Webseite nennt man Embedding. Dadurch kann ich Ihnen Inhalte wie Buttons, Fotos oder Videos von Instagram direkt auf unserer Webseite zeigen. Wenn Sie Webseiten meiner Webpr\u00e4senz aufrufen, die eine Instagram-Funktion integriert haben, werden Daten an Instagram \u00fcbermittelt, gespeichert und verarbeitet. Instagram verwendet dieselben Systeme und Technologien wie Facebook. Ihre Daten werden somit \u00fcber alle Facebook-Firmen hinweg verarbeitet.<\/p>\n\n\n\n<h2>PINTEREST <\/h2>\n\n\n\n<p>Ich verwende auf meiner Seite Buttons und Widgets des Social Media Netzwerks Pinterest, der Firma Pinterest Inc.,808 Brannan Street, San Francisco, CA 94103, USA.<\/p>\n\n\n\n<p>Durch den Aufruf von Seiten die solche Funktionen nutzen werden Daten (IP-Adresse, Browserdaten, Datum und Zeitpunkt, Cookies) an Pinterest \u00fcbermittelt, gespeichert und ausgewertet.<\/p>\n\n\n\n<p>Die Datenschutzrichtlinien, welche Informationen Pinterest sammelt und wie sie diese verwenden finden Sie auf&nbsp;<a href=\"https:\/\/policy.pinterest.com\/de\/privacy-policy\">https:\/\/policy.pinterest.com\/de\/privacy-policy<\/a>.<\/p>\n","protected":false},"excerpt":{"rendered":"<p>VERANTWORTLICHE STELLE UND DATENSCHUTZBEAUFTRAGTER Verantwortliche gem. Art. 4 Abs. 7 EU- Datenschutz-Grundverordnung (DSGVO) ist: Laura Weber-Vision Please-Spartanerstr. 7, 30519 Hannover. Soweit auf meinen Seiten personenbezogene Daten (beispielsweise Name, Anschrift oder eMail-Adressen) erhoben werden, erfolgt dies soweit m\u00f6glich stets auf freiwilliger Basis. Die Nutzung der Angebote und Dienste ist, soweit m\u00f6glich, stets ohne Angabe personenbezogener Daten m\u00f6glich. Der Nutzung von im Rahmen der Impressumspflicht ver\u00f6ffentlichten Kontaktdaten &hellip;<\/p>\n","protected":false},"author":1,"featured_media":0,"parent":243,"menu_order":0,"comment_status":"closed","ping_status":"closed","template":"","meta":[],"yoast_head":"<!-- This site is optimized with the Yoast SEO plugin v20.1 - https:\/\/yoast.com\/wordpress\/plugins\/seo\/ -->\n<title>DATENSCHUTZ - visionplease.com - Inhaberin Laura Weber<\/title>\n<meta name=\"robots\" content=\"index, follow, max-snippet:-1, max-image-preview:large, max-video-preview:-1\" \/>\n<link rel=\"canonical\" href=\"https:\/\/visionplease.com\/?page_id=248\" \/>\n<meta property=\"og:locale\" content=\"de_DE\" \/>\n<meta property=\"og:type\" content=\"article\" \/>\n<meta property=\"og:title\" content=\"DATENSCHUTZ - visionplease.com - Inhaberin Laura Weber\" \/>\n<meta property=\"og:description\" content=\"VERANTWORTLICHE STELLE UND DATENSCHUTZBEAUFTRAGTER Verantwortliche gem. Art. 4 Abs. 7 EU- Datenschutz-Grundverordnung (DSGVO) ist: Laura Weber-Vision Please-Spartanerstr. 7, 30519 Hannover. Soweit auf meinen Seiten personenbezogene Daten (beispielsweise Name, Anschrift oder eMail-Adressen) erhoben werden, erfolgt dies soweit m\u00f6glich stets auf freiwilliger Basis. Die Nutzung der Angebote und Dienste ist, soweit m\u00f6glich, stets ohne Angabe personenbezogener Daten m\u00f6glich. Der Nutzung von im Rahmen der Impressumspflicht ver\u00f6ffentlichten Kontaktdaten &hellip;\" \/>\n<meta property=\"og:url\" content=\"https:\/\/visionplease.com\/?page_id=248\" \/>\n<meta property=\"og:site_name\" content=\"visionplease.com - Inhaberin Laura Weber\" \/>\n<meta property=\"article:modified_time\" content=\"2020-11-16T08:50:50+00:00\" \/>\n<meta name=\"twitter:card\" content=\"summary_large_image\" \/>\n<meta name=\"twitter:label1\" content=\"Gesch\u00e4tzte Lesezeit\" \/>\n\t<meta name=\"twitter:data1\" content=\"5\u00a0Minuten\" \/>\n<script type=\"application\/ld+json\" class=\"yoast-schema-graph\">{\"@context\":\"https:\/\/schema.org\",\"@graph\":[{\"@type\":\"WebPage\",\"@id\":\"https:\/\/visionplease.com\/?page_id=248\",\"url\":\"https:\/\/visionplease.com\/?page_id=248\",\"name\":\"DATENSCHUTZ - visionplease.com - Inhaberin Laura Weber\",\"isPartOf\":{\"@id\":\"https:\/\/visionplease.com\/#website\"},\"datePublished\":\"2020-02-19T09:04:35+00:00\",\"dateModified\":\"2020-11-16T08:50:50+00:00\",\"breadcrumb\":{\"@id\":\"https:\/\/visionplease.com\/?page_id=248#breadcrumb\"},\"inLanguage\":\"de\",\"potentialAction\":[{\"@type\":\"ReadAction\",\"target\":[\"https:\/\/visionplease.com\/?page_id=248\"]}]},{\"@type\":\"BreadcrumbList\",\"@id\":\"https:\/\/visionplease.com\/?page_id=248#breadcrumb\",\"itemListElement\":[{\"@type\":\"ListItem\",\"position\":1,\"name\":\"Startseite\",\"item\":\"https:\/\/visionplease.com\/\"},{\"@type\":\"ListItem\",\"position\":2,\"name\":\"IMPRESSUM\",\"item\":\"https:\/\/visionplease.com\/?page_id=243\"},{\"@type\":\"ListItem\",\"position\":3,\"name\":\"DATENSCHUTZ\"}]},{\"@type\":\"WebSite\",\"@id\":\"https:\/\/visionplease.com\/#website\",\"url\":\"https:\/\/visionplease.com\/\",\"name\":\"visionplease.com - Inhaberin Laura Weber\",\"description\":\"\",\"potentialAction\":[{\"@type\":\"SearchAction\",\"target\":{\"@type\":\"EntryPoint\",\"urlTemplate\":\"https:\/\/visionplease.com\/?s={search_term_string}\"},\"query-input\":\"required name=search_term_string\"}],\"inLanguage\":\"de\"}]}<\/script>\n<!-- \/ Yoast SEO plugin. -->","yoast_head_json":{"title":"DATENSCHUTZ - visionplease.com - Inhaberin Laura Weber","robots":{"index":"index","follow":"follow","max-snippet":"max-snippet:-1","max-image-preview":"max-image-preview:large","max-video-preview":"max-video-preview:-1"},"canonical":"https:\/\/visionplease.com\/?page_id=248","og_locale":"de_DE","og_type":"article","og_title":"DATENSCHUTZ - visionplease.com - Inhaberin Laura Weber","og_description":"VERANTWORTLICHE STELLE UND DATENSCHUTZBEAUFTRAGTER Verantwortliche gem. Art. 4 Abs. 7 EU- Datenschutz-Grundverordnung (DSGVO) ist: Laura Weber-Vision Please-Spartanerstr. 7, 30519 Hannover. Soweit auf meinen Seiten personenbezogene Daten (beispielsweise Name, Anschrift oder eMail-Adressen) erhoben werden, erfolgt dies soweit m\u00f6glich stets auf freiwilliger Basis. Die Nutzung der Angebote und Dienste ist, soweit m\u00f6glich, stets ohne Angabe personenbezogener Daten m\u00f6glich. Der Nutzung von im Rahmen der Impressumspflicht ver\u00f6ffentlichten Kontaktdaten &hellip;","og_url":"https:\/\/visionplease.com\/?page_id=248","og_site_name":"visionplease.com - Inhaberin Laura Weber","article_modified_time":"2020-11-16T08:50:50+00:00","twitter_card":"summary_large_image","twitter_misc":{"Gesch\u00e4tzte Lesezeit":"5\u00a0Minuten"},"schema":{"@context":"https:\/\/schema.org","@graph":[{"@type":"WebPage","@id":"https:\/\/visionplease.com\/?page_id=248","url":"https:\/\/visionplease.com\/?page_id=248","name":"DATENSCHUTZ - visionplease.com - Inhaberin Laura Weber","isPartOf":{"@id":"https:\/\/visionplease.com\/#website"},"datePublished":"2020-02-19T09:04:35+00:00","dateModified":"2020-11-16T08:50:50+00:00","breadcrumb":{"@id":"https:\/\/visionplease.com\/?page_id=248#breadcrumb"},"inLanguage":"de","potentialAction":[{"@type":"ReadAction","target":["https:\/\/visionplease.com\/?page_id=248"]}]},{"@type":"BreadcrumbList","@id":"https:\/\/visionplease.com\/?page_id=248#breadcrumb","itemListElement":[{"@type":"ListItem","position":1,"name":"Startseite","item":"https:\/\/visionplease.com\/"},{"@type":"ListItem","position":2,"name":"IMPRESSUM","item":"https:\/\/visionplease.com\/?page_id=243"},{"@type":"ListItem","position":3,"name":"DATENSCHUTZ"}]},{"@type":"WebSite","@id":"https:\/\/visionplease.com\/#website","url":"https:\/\/visionplease.com\/","name":"visionplease.com - Inhaberin Laura Weber","description":"","potentialAction":[{"@type":"SearchAction","target":{"@type":"EntryPoint","urlTemplate":"https:\/\/visionplease.com\/?s={search_term_string}"},"query-input":"required name=search_term_string"}],"inLanguage":"de"}]}},"_links":{"self":[{"href":"https:\/\/visionplease.com\/index.php?rest_route=\/wp\/v2\/pages\/248"}],"collection":[{"href":"https:\/\/visionplease.com\/index.php?rest_route=\/wp\/v2\/pages"}],"about":[{"href":"https:\/\/visionplease.com\/index.php?rest_route=\/wp\/v2\/types\/page"}],"author":[{"embeddable":true,"href":"https:\/\/visionplease.com\/index.php?rest_route=\/wp\/v2\/users\/1"}],"replies":[{"embeddable":true,"href":"https:\/\/visionplease.com\/index.php?rest_route=%2Fwp%2Fv2%2Fcomments&post=248"}],"version-history":[{"count":9,"href":"https:\/\/visionplease.com\/index.php?rest_route=\/wp\/v2\/pages\/248\/revisions"}],"predecessor-version":[{"id":642,"href":"https:\/\/visionplease.com\/index.php?rest_route=\/wp\/v2\/pages\/248\/revisions\/642"}],"up":[{"embeddable":true,"href":"https:\/\/visionplease.com\/index.php?rest_route=\/wp\/v2\/pages\/243"}],"wp:attachment":[{"href":"https:\/\/visionplease.com\/index.php?rest_route=%2Fwp%2Fv2%2Fmedia&parent=248"}],"curies":[{"name":"wp","href":"https:\/\/api.w.org\/{rel}","templated":true}]}}